9) prime?
False
Let s(c) = 33*c**2 - 28*c + 112. Is s(29) prime?
False
Let z(u) = -u**3 + 11*u**2 + 6*u - 5. Let q be (-3)/((-12)/40) - (2 - 1). Is z(q) composite?
False
Let a(v) = -v**2 + 8*v - 7. Let p be a(7). Suppose p = -s + 3*s - 3*k - 2730, 5*s - 3*k = 6843. Is s composite?
True
Let l(t) = t**2 + 7*t + 17. Let z be l(-6). Suppose -16*k = -z*k - 15. Suppose -k*d = -f - 2*f - 561, 0 = d + f - 179. Is d a composite number?
True
Suppose -174 = 3*s + 627. Is s*3/27*-3 prime?
True
Let t be ((-2)/3)/(1/(-39)). Suppose 10*s - 8*s - t = 0. Let a = s - -76. Is a composite?
False
Suppose 2*o - w = -3*w - 8, 2*w = 2*o + 28. Suppose 4*h + 244 = 4*x, -5*h - 4 = 1. Let f = x - o. Is f a composite number?
True
Let n(c) = 12*c**3 + 3*c**2 - 8*c - 6. Is n(3) a prime number?
False
Let z = 11492 + -7018. Is z composite?
True
Suppose 4*g + 12 = 0, -2*m + m - 3*g + 969 = 0. Suppose -o + 7*o = m. Is o composite?
False
Is 4/(0 - (-20)/41435) a composite number?
False
Let z = 9086 - 6345. Is z prime?
True
Let f(t) = 9*t**2 - 8*t - 14. Suppose 2*c - c + 4*j = -31, 0 = 2*c + 3*j + 37. Is f(c) a prime number?
True
Suppose 4*z - 4*s - 52 = 0, 5*z = -4*s + 14 + 24. Is (-1)/((z/2)/(-2045)) a prime number?
True
Suppose -5*t = -0 - 5. Let g(z) = -158*z**3 + 2*z**2 - 4*z - 3. Let k(o) = -o - 1. Let v(l) = -g(l) + 3*k(l). Is v(t) prime?
True
Suppose -5*t + 2 = 7. Let x be 2 + (0 + t)*-29. Suppose -x = -3*m + 14. Is m a composite number?
True
Let a = 8 + -4. Let m = 9 - a. Suppose 0 = 2*f + 4*c - 330, f + 4*f = -m*c + 815. Is f a prime number?
False
Suppose 1673 + 1204 = 7*i. Is i composite?
True
Let s = -89 - -99. Suppose -26 = s*l - 5856. Is l a composite number?
True
Let v = -4 + 7. Suppose 487 = v*g - s, 5*g - 821 = -0*g - 3*s. Is g a composite number?
False
Suppose -4*r + 5542 + 16678 = 0. Suppose -3*l = -3*i - i + r, l - 1380 = -i. Is i a composite number?
True
Suppose 0 = 13*h - 7*h - 27786. Is h composite?
True
Let h = 99367 + -70404. Is h a composite number?
True
Let a be ((-6)/(-5))/((-1)/5). Let x(r) be the first derivative of r**3 - 5*r**2 - 9*r - 11. Is x(a) prime?
False
Suppose 3*w = -4*d + 7*w + 31628, 23721 = 3*d + 2*w. Is d composite?
False
Let q(b) = -b**2 + b. Let m(a) = -10*a**2 - a + 1. Let r(l) = -m(l) - 5*q(l). Is r(4) a composite number?
False
Suppose 14*t = 12*t + 29638. Suppose 9*q - 7276 = t. Is q a composite number?
True
Suppose 4*s - 9 = t + 3, -2*s - 4*t = 12. Suppose s*a - 4*a = -1328. Suppose -634 = -4*m + 2*b, -4*m + b = 5*b - a. Is m a composite number?
True
Suppose -2*a = a - 12. Suppose -5*d + 158 = -2*c, -a*d = c - 3*c - 126. Suppose -2*t + 38 = -2*f, 3*t = -5*f + d + 49. Is t composite?
True
Let a(u) be the first derivative of 4*u**3/3 - 6*u**2 + 7*u - 8. Let z = 20 + -13. Is a(z) prime?
False
Let c be (-1 + -121)*1958/(-44). Suppose 2*p - 5450 = -4*j, j - c = -3*j + 5*p. Is j prime?
True
Let q = -4773 + 9010. Is q composite?
True
Suppose 3*g = 13*g - 111970. Is g prime?
True
Suppose i - 2*t - 12221 = 0, -11*i = -7*i - 4*t - 48888. Is i a composite number?
True
Let u = -136 + 93. Let f(l) = -15*l - 9. Let j be f(-7). Let p = u + j. Is p composite?
False
Let v(q) = 3*q**2 + 8*q + 3. Let b be v(-5). Suppose -1157 = 37*j - b*j. Is j prime?
False
Suppose 2*i = 3*w - 29, -33 = -4*w - 3*i + 17. Let v = w + -7. Suppose -4*x = 0, 0*u + x + 388 = v*u. Is u a prime number?
True
Suppose -27680 = -4*j - 2*w, -4*j = -4*w - 8788 - 18916. Is j prime?
False
Let v = -88982 - -128993. Is v prime?
False
Let s(i) = -i**2 - 8*i**3 - i**2 + 11*i + 7 + 0*i**3. Is s(-4) a composite number?
False
Let w(a) = -31*a - 73. Is w(-18) prime?
False
Suppose -6590 = -2*b - 5*m + 3282, 3*m = 4*b - 19718. Is b a prime number?
True
Let t = 10 + -8. Suppose t*s = 3*s - 379. Is s a prime number?
True
Let t(c) = 2*c**3 - 14*c**2 + 10*c + 33. Is t(19) a prime number?
True
Let h = 24800 + -16933. Is h composite?
False
Let z be (3 - 0)*24580/15. Suppose -6*o + 2*o = -z. Is o a prime number?
True
Is 6/(-48)*4*-11234 prime?
False
Suppose -4*u - 5*a - 1214 = 0, -22*u + 18*u = -5*a + 1234. Let w be (-3)/(-6) + (-181)/(-2). Let v = w - u. Is v a composite number?
False
Suppose 180*g = 159*g + 1307271. Is g composite?
True
Let p be (-1)/((-1)/3) - -6. Suppose -115 = p*g - 10*g. Is 8/4*-1 + g a composite number?
False
Suppose 4*r - 1 = 3, 2*q = -r + 1967. Is q composite?
False
Let x = 37959 - 26096. Is x prime?
True
Let j(b) = b**2 - 4*b + 6. Let s = 35 - 50. Is j(s) composite?
True
Let f = 8018 + -1017. Is f a composite number?
False
Suppose 10*i - 8956 - 1134 = 0. Is i a composite number?
False
Suppose 12*m - 2391 = 11*m. Suppose -5*c - 5*k + 2628 = -1357, -3*c + m = -4*k. Is c a prime number?
True
Let g(b) = -7*b**2 + 16 - 4*b**3 + 5*b**3 - 6 - 9*b. Let l be g(8). Suppose -l*w - 2*m = -10 - 86, 5*m - 154 = -3*w. Is w a composite number?
False
Suppose -39*h + 391282 = 23*h. Is h composite?
False
Let v(n) = 757*n - 3*n**3 + 0 + 5*n**2 - 752*n + 1. Is v(-4) a composite number?
True
Let s = -30 + 48. Suppose 0 = 5*d - 2*d - s. Is -58*(1 - 21/d) a composite number?
True
Let t = 8 - 263. Let p = t - -19. Let l = 59 - p. Is l a prime number?
False
Suppose 5*d + 3*q - 2566 = 0, -q - 629 = -2*d + 404. Is d composite?
True
Suppose 21 = -4*c + 5. Let t = c - -10. Let w(j) = 6*j**2 - 7*j + 5. Is w(t) a composite number?
False
Let w(m) be the second derivative of m**5 - m**3/2 + 5*m**2 + 27*m. Is w(3) composite?
False
Suppose 0*h - 6*h = -18. Suppose 3*t - 2859 = -h*g, -1331 = -5*t - 3*g + 3438. Is t a composite number?
True
Let z(y) = -2*y**3 - 2*y**2 + 3*y + 1. Let d be (0 - -6)*4/8. Suppose -2*p - 4*b + b - 8 = 0, d*b = 0. Is z(p) a prime number?
False
Suppose 0 = 2*z - 4, -4*o - 165 = z - 67. Let g = -41 - o. Is 4/g + (-2458)/(-8) composite?
False
Suppose -47*r + 110551 = -40*r. Is r a prime number?
False
Is (-15)/(-21) - 40216868/(-511) composite?
True
Let l be (-36)/(-60) - 302/(-5). Let x = 27 - l. Let t = x + 92. Is t composite?
True
Let k be 64/10 + 2/(-5). Let b = k - 6. Is (-191)/(3 - (4 - b)) a composite number?
False
Suppose -18*u - 64312 = -26*u. Is u a composite number?
False
Let m = -36 - -17. Let o = 26 + m. Is 2/o + 14412/28 a prime number?
False
Let c = 20 + -18. Suppose -5 = -l, c*m - 4*m + 533 = -l. Is m a prime number?
True
Suppose 3*h - v = 1848, -1 - 11 = 4*v. Suppose 3*i = 6*i - h. Let m = i + -146. Is m a prime number?
True
Let o(b) = b**3 - 12*b**2 + 8*b - 7. Suppose 5*m - 195 = -20. Let s = -23 + m. Is o(s) prime?
True
Let b = 2998 + -2104. Let i = b + 1337. Is i a prime number?
False
Let t(b) = 35*b**2 + 10*b + 4. Is t(-5) composite?
False
Suppose 3*p - 23 = 94. Let m = 544 + p. Let v = -396 + m. Is v composite?
True
Let b(s) = 2*s**2 + 22*s + 51. Let x be b(-22). Suppose 5*o = -5*f + 990, -f + x = 2*o + 136. Is o composite?
True
Let p(n) be the first derivative of -n**7/840 + n**6/45 + n**5/30 + n**4/3 + 5*n**3/3 - 2. Let b(d) be the third derivative of p(d). Is b(7) a prime number?
False
Let f(v) = 6*v - 3. Let o be f(2). Let z be (o/6)/((-6)/(-112)). Suppose 2*s - z + 10 = -2*r, -3*r - 4*s + 23 = 0. Is r a composite number?
False
Suppose g = 3*k + 3 + 2, 2*g + 4*k = 0. Suppose 2*l = g*d - 138, l - 4 = 2*l. Is d composite?
True
Let l be (-38)/19 + 1/(1/4). Suppose l*j + 290 = 4*j. Is j composite?
True
Let z = -342 + 682. Suppose 2*o - 666 - z = 0. Is o a prime number?
True
Let b(w) be the third derivative of -w**6/20 - w**5/60 + w**4/24 - w**3/6 - 5*w**2. Is b(-6) composite?
True
Let h(a) = -a**3 + 4*a**2 + 5*a + 4. Let n be h(5). Suppose -3*j - 850 = -n*v + 2*v, 0 = -4*v + 5*j + 1704. Is v a prime number?
True
Suppose u = c + 4192, 4*c - 2*u = -16464 - 304. Let x = -545 - c. Is x a prime number?
False
Let h(b) = -b + 20. Let p be h(6). Let o = -10 + p. Suppose 5*s + 90 = o*c + 3*s, -2*c - 2*s + 42 = 0. Is c a composite number?
True
Let r = -11 - -13. Suppose 0 = 5*v - x - 3*x - 2650, x + 1057 = r*v. Is v composite?
True
Let v(a) = -37 + 6 - 172*a - 4. Is v(-15) a composite number?
True
Is (-1*(-73317)/(-12))/(19/(-76)) prime?
True
Let y = -3 - -8. Let s be (-6)/(-1) - (-2 + y). Suppose -412 = -s*u - u. Is u a prime number?
True
Let u(w) = 639*w + 145. Is u(16) prime?
True
Let c(v) = -90*v**2 + 2. Let j be c(2). Let i = j - -1144. Suppose -i = 4*d - 10*d. Is